 common factor of 2202 and 18.
6
Calculate the greatest common divisor of 387 and 1204.
43
Calculate the highest common factor of 320 and 20.
20
What is the greatest common divisor of 592 and 128?
16
Calculate the highest common divisor of 24 and 120.
24
Calculate the highest common factor of 1484 and 8692.
212
What is the greatest common factor of 9 and 37899?
9
What is the greatest common factor of 3815 and 35?
35
What is the greatest common divisor of 15 and 96?
3
Calculate the greatest common divisor of 14 and 6146.
14
Calculate the greatest common factor of 31830 and 90.
30
What is the highest common divisor of 237 and 21093?
237
Calculate the highest common divisor of 4715 and 2050.
205
What is the highest common divisor of 28 and 544?
4
What is the greatest common factor of 6350 and 2286?
254
Calculate the highest common factor of 174 and 290.
58
Calculate the highest common factor of 84 and 9618.
42
What is the highest common divisor of 4 and 980?
4
Calculate the highest common divisor of 198 and 9218.
22
What is the greatest common factor of 576 and 36?
36
What is the highest common divisor of 51 and 85?
17
What is the greatest common divisor of 280 and 7315?
35
Calculate the highest common factor of 80 and 112.
16
Calculate the highest common divisor of 68 and 4828.
68
What is the greatest common factor of 989 and 172?
43
What is the greatest common divisor of 13600 and 320?
160
Calculate the highest common divisor of 60 and 15.
15
Calculate the greatest common divisor of 287 and 41.
41
What is the highest common factor of 36 and 3357?
9
Calculate the greatest common divisor of 196 and 196.
196
Calculate the highest common divisor of 44 and 539.
11
Calculate the highest common factor of 425 and 50.
25
Calculate the greatest common divisor of 1295 and 35.
35
Calculate the greatest common factor of 7 and 217.
7
Calculate the greatest common divisor of 64 and 4192.
32
Calculate the greatest common divisor of 704 and 1632.
32
What is the greatest common divisor of 223 and 18509?
223
Calculate the highest common divisor of 39 and 13507.
13
What is the highest common factor of 220 and 6?
2
Calculate the greatest common divisor of 630 and 90.
90
Calculate the greatest common factor of 51376 and 304.
304
Calculate the greatest common divisor of 2160 and 100.
20
What is the highest common divisor of 1886 and 82?
82
What is the highest common divisor of 949 and 13?
13
Calculate the highest common factor of 2960 and 70.
10
What is the greatest common divisor of 14597 and 55?
11
Calculate the greatest common factor of 245 and 539.
49
What is the highest common factor of 1968 and 16?
16
What is the highest common factor of 51 and 323?
17
Calculate the highest common factor of 19912 and 152.
152
Calculate the greatest common factor of 52 and 3146.
26
What is the highest common factor of 95 and 855?
95
Calculate the highest common divisor of 370 and 8695.
185
What is the greatest common divisor of 9 and 9279?
9
What is the greatest common divisor of 624 and 9126?
78
What is the greatest common factor of 13 and 4693?
13
What is the greatest common factor of 110 and 340?
10
Calculate the greatest common factor of 23 and 253.
23
What is the greatest common divisor of 90 and 225?
45
What is the greatest common divisor of 2911 and 71?
71
What is the greatest common divisor of 80 and 1580?
20
Calculate the highest common factor of 122 and 7.
1
What is the greatest common factor of 111 and 74?
37
Calculate the highest common divisor of 64 and 224.
32
Calculate the greatest common factor of 24 and 3228.
12
Calculate the highest common factor of 240 and 400.
80
What is the highest common factor of 55 and 5?
5
Calculate the greatest common factor of 67 and 1072.
67
Calculate the highest common divisor of 136 and 85.
17
What is the greatest common factor of 62 and 496?
62
What is the greatest common divisor of 567 and 28?
7
What is the highest common factor of 1127 and 575?
23
Calculate the highest common divisor of 572 and 416.
52
Calculate the greatest common divisor of 100 and 180.
20
Calculate the highest common divisor of 4352 and 96.
32
What is the greatest common divisor of 4715 and 115?
115
Calculate the greatest common divisor of 2086 and 14.
14
Calculate the greatest common divisor of 238 and 49.
7
What is the greatest common divisor of 725 and 29?
29
What is the greatest common divisor of 154 and 182?
14
What is the highest common divisor of 200 and 30?
10
What is the highest common factor of 16 and 32?
16
Calculate the greatest common divisor of 237 and 553.
79
What is the highest common divisor of 1336 and 8?
8
Calculate the highest common factor of 288 and 18.
18
Calculate the greatest common divisor of 368 and 1012.
92
What is the highest common divisor of 4820 and 20?
20
What is the greatest common divisor of 124 and 8?
4
What is the greatest common divisor of 14 and 752?
2
Calculate the greatest common divisor of 1 and 28.
1
Calculate the highest common divisor of 114 and 32433.
57
Calculate the greatest common divisor of 40 and 18720.
40
Calculate the greatest common divisor of 127 and 74549.
127
Calculate the greatest common factor of 12 and 111.
3
What is the greatest common factor of 2 and 602?
2
Calculate the greatest common factor of 99 and 77.
11
Calculate the greatest common factor of 44 and 12.
4
Calculate the highest common divisor of 3974 and 2.
2
Calculate the greatest common divisor of 288 and 2112.
96
Calculate the highest common divisor of 36 and 288.
36
What is the greatest common factor of 6356 and 308?
28
What is the greatest common divisor of 28 and 1988?
28
Calculate the greatest common divisor of 351 and 54.
27
Calculate the highest common divisor of 85 and 195.
5
Calculate the greatest common factor of 62 and 62.
62
Calculate the greatest common factor of 2460 and 120.
60
Calculate the greatest common divisor of 553 and 395.
79
What is the greatest common divisor of 49875 and 25?
25
Calculate the greatest common divisor of 239 and 110657.
239
What is the highest common factor of 216 and 16?
8
Calculate the greatest common factor of 29370 and 330.
330
What is the highest common factor of 64 and 80?
16
Calculate the highest common divisor of 380 and 228.
76
Calculate the greatest common factor of 18 and 381.
3
What is the greatest common factor of 105 and 5?
5
Calculate the highest common factor of 6919 and 187.
187
What is the highest common factor of 22 and 374?
22
What is the greatest common divisor of 60 and 660?
60
What is the highest common factor of 10 and 675?
5
Calculate the greatest common divisor of 146 and 26426.
146
What is the highest common divisor of 51 and 1377?
51
Calculate the greatest common factor of 6 and 3.
3
Calculate the highest common factor of 22 and 11847.
11
What is the greatest common factor of 32 and 216?
8
Calculate the greatest common divisor of 2646 and 196.
98
Calculate the greatest common divisor of 1463 and 266.
133
What is the highest common factor of 6 and 87?
3
What is the highest common divisor of 69 and 575?
23
Calculate the greatest common factor of 57 and 304.
19
Calculate the highest common factor of 510 and 90.
30
What is the highest common factor of 2071 and 763?
109
What is the greatest common factor of 29 and 1247?
29
What is the highest common divisor of 21 and 102?
3
What is the highest common divisor of 136 and 8?
8
Calculate the greatest common factor of 84 and 204.
12
Calculate the greatest common divisor of 1472 and 92.
92
What is the highest common divisor of 763 and 218?
109
What is the highest common divisor of 13260 and 12?
12
What is the highest common factor of 48 and 192?
48
Calculate the highest common divisor of 32 and 464.
16
What is the greatest common divisor of 1664 and 13?
13
What is the highest common divisor of 29 and 11281?
29
Calculate the highest common factor of 6882 and 74.
74
Calculate the greatest common factor of 117 and 9009.
117
Calculate the highest common factor of 3136 and 64.
64
What is the greatest common divisor of 464 and 2117?
29
What is the highest common divisor of 91 and 286?
13
Calculate the greatest common divisor of 3 and 81.
3
What is the greatest common factor of 44 and 209?
11
What is the greatest common factor of 444 and